t the prime factors of (-3*(-139235)/45)/((-42)/9 - -5).
27847
Let s be ((-45)/(-6))/5*28. Let j = -30 + s. Suppose -j*m = -5*m - 840. What are the prime factors of m?
2, 3, 5
Let p be 0 + -5 + 5 + 56. Let i = -50 + p. Suppose v - i*v + 535 = 5*t, t = 3*v + 115. What are the prime factors of t?
109
Let q be 12/(-10)*(-300)/9. Suppose q - 28 = 6*x. What are the prime factors of 366/x*(-2)/(-12 + 6)?
61
Let p(d) = 6*d**2 + 11*d - 6. Suppose -7*m = -21 + 56. Let a(h) = h**2 - h - 1. Let q(t) = m*a(t) + p(t). List the prime factors of q(8).
191
Suppose u + 300 = 3*t - 8*t, -2*u = 3*t + 180. Let o be (-12112)/t + (-112)/60 + 2. Let w = o - 59. List the prime factors of w.
11, 13
Let p = -187 - -315. Suppose 3*y = 5*z - p, 16 = -2*z + 5*y + 71. Suppose -z*f + 438 = -22*f. What are the prime factors of f?
2, 73
Suppose -4*g - 210 = -3*v, 140 = 2*v - 3*g + 1. Let o = v + -27. Let z = 56 - o. What are the prime factors of z?
3
Let g = 57729 + -37268. List the prime factors of g.
7, 37, 79
Suppose -13*z = -121 + 30. Let t(m) = 77*m + 2. List the prime factors of t(z).
541
List the prime factors of -6 + ((-2398)/327)/((-4)/26202).
43, 1117
Let q = -6283 - -19490. What are the prime factors of q?
47, 281
Let w = -409 + 499. Suppose -3*v + w = -5*h, -v + h + 30 = -h. List the prime factors of v.
2, 3, 5
Let t = 35620 - 7673. What are the prime factors of t?
27947
Let d = -206 - 406. Let s = d - -1620. Suppose 4*u = -5*a + s, 6*u - 2*u + a = 1024. What are the prime factors of u?
257
Let d be 81/(-108) - 567/(-4). Suppose -4*q + q = -5*u + d, -9 = -3*q. List the prime factors of u.
2, 3, 5
Let q(r) = 2*r**2 - 43*r + 30. Let v be q(29). Let w = v - -224. What are the prime factors of w?
13, 53
Let l(j) = -j**3 - 36*j**2 - 31*j - 35. What are the prime factors of l(-38)?
29, 139
Let v be (-30 + 32)/(2/5 - 0). Suppose 0 = -5*a - 4*c - 614, 0 = v*a + 2*c + 84 + 528. Let g = 221 + a. List the prime factors of g.
3, 11
Let d be (21 - 25)*(1/2 - 1). Suppose -d*s - 3*s = 15. What are the prime factors of -3*(9/s - (-65)/(-3))?
2, 37
Suppose 2*i - 120634 = -4*d, -2*i + 4*d - 7*d = -120629. What are the prime factors of i/169 + ((-24)/(-52))/3?
3, 7, 17
Suppose 45*s - 139163 = -70693 + 333605. List the prime factors of s.
5, 1787
Let o(b) = -170*b - 146. List the prime factors of o(-18).
2, 31, 47
Let v(k) = -8*k**3 + 13*k**2 + 13*k - 5. Let z be v(-4). Let o = z + -386. List the prime factors of o.
277
Suppose -3*b - 90 = -219. Suppose -4*h + 124 = 4*l, -5*l + 12 = h - 27. Suppose -h = -6*o + b. List the prime factors of o.
2, 3
Let v(q) = -q**3 - 7*q**2 + 9*q + 14. Let l be v(-8). Let n be 1*l*(-22 + 9). List the prime factors of (12/(-9))/(2/n).
2, 13
Let k = 23 - 23. Suppose 2*i + 95 - 35 = k. What are the prime factors of 110/3*(-108)/i?
2, 3, 11
Let h = -1702 + 30842. What are the prime factors of h?
2, 5, 31, 47
Suppose 2*q + 2533 = p - 1073, -2*q = 4*p - 14464. List the prime factors of p.
2, 13, 139
Let y(w) = -6*w + 12. Let d(r) = -20 + 7 + 12 - 2*r**2 - 6*r + 4. Let u be d(-4). List the prime factors of y(u).
2, 3, 7
Let s(d) = 3*d**2 + 9*d - 24. Let m be s(-8). Let x be 0*2/(-6) + m. Suppose 95 = 6*w - 3*w + 4*a, 3*w = -3*a + x. What are the prime factors of w?
3, 11
Suppose -4*f = -7*f. Suppose 28 = 5*a + 4*u - 84, 3*a - u - 57 = f. Let k = a - -183. List the prime factors of k.
7, 29
Let d = -2806 + 6366. What are the prime factors of d?
2, 5, 89
Let m = 4 + -7. Let w be 21/3 + -2 + m. What are the prime factors of (56/(-10))/(w/(-20))?
2, 7
Let m(w) = 2*w - 6. Let p be m(6). Let i = 972 + -1047. Let g = p - i. List the prime factors of g.
3
Let b = 1860 - 1226. Let q = b - 152. What are the prime factors of q?
2, 241
Suppose -3*p + 18 = -9*p. Let o be 1/(-6)*p*14. Suppose -o*t + 354 + 150 = 0. What are the prime factors of t?
2, 3
Let r = -11 - -32. Suppose -1808 = -25*g + r*g. What are the prime factors of g?
2, 113
What are the prime factors of (21 - (-31075)/(-125))*-10*3?
2, 3, 569
Let f be ((-22)/(-6))/(7/(-21)). Let g = -9 - f. Suppose -5*u + 264 = -g*t, 3*t + 56 = u + t. What are the prime factors of u?
2, 13
Let y = -159 + 152. Let d(w) = 6*w**2 - 10*w - 22. What are the prime factors of d(y)?
2, 3, 19
Let r(t) = -401*t - 186. What are the prime factors of r(-19)?
7433
Suppose 0 = i - 27 - 52. Let r(s) = -1 - 36*s - 16*s - i*s. What are the prime factors of r(-1)?
2, 5, 13
What are the prime factors of -2*(142953/(-6) - 7)/1?
5, 9533
Suppose -k + 6*m = -16960, 3*m = 75*k - 80*k + 84866. List the prime factors of k.
2, 4243
Let a = 89 - 68. Let g = a - -23. What are the prime factors of ((-154)/g)/(1/52*-2)?
7, 13
Suppose 5*w + 38 = d - 169, -2*d = 4*w - 428. Let r = 403 - d. What are the prime factors of r?
191
List the prime factors of 6/((-18)/(-93007)) + 2/3.
7, 43, 103
Let g = 51 - 49. Suppose 3*l = -g*l - 25, -n + 5*l = -113. Let h = 150 - n. List the prime factors of h.
2, 31
Suppose 2*b - 3*q + 236 = 0, -b + 2*q - 121 = -q. Let g = -60 - b. Let z = g - 14. What are the prime factors of z?
41
Let v(a) = 2*a**2 - 8*a + 6. Suppose -2*p = 103 - 5. Let b = -44 - p. What are the prime factors of v(b)?
2
Let y be 0/(-9)*(-2)/(-4) + 520. Let m = y + -200. What are the prime factors of m?
2, 5
Let h be ((-6)/1)/(-1) - 1. Suppose 3*y = n + 1, n - 5*y - 2 + h = 0. Suppose 96 = 3*l - 3*b, -2*l + 127 = n*l - 3*b. What are the prime factors of l?
31
Let r(j) = 4*j**2 - 259*j + 8513. List the prime factors of r(133).
2, 73, 307
Let u be (-2)/(-14) + 104/56 + 0. Suppose -u*j = 4*g - 1442, -2*j = 4*g - g - 1081. List the prime factors of g.
19
Let u = -16322 - -16334. Let n = 60 + -42. Suppose -u*m = -n*m + 1284. What are the prime factors of m?
2, 107
Suppose 28678 = a - 5*v, -114796 = 44*a - 48*a - v. List the prime factors of a.
2, 3, 4783
Let n = -12264 + 22730. What are the prime factors of n?
2, 5233
Let l = -36 + 39. Let u = 78 + 352. Suppose l*q + u = 4*c, -2*c + 5*q - 44 = -252. What are the prime factors of c?
109
List the prime factors of 24769 + (-72)/(-8) + 5.
3, 11, 751
What are the prime factors of (-4 + 5872)/(24/16)?
2, 3, 163
What are the prime factors of (-1288222)/(-78) + (4/3 - 2)?
3, 5, 367
Let g(r) = 9*r**2 - 62*r - 9. Let p be g(7). What are the prime factors of ((1174/(-3))/p)/(62/186)?
587
Let s(z) = 9*z + 48. Let u(b) = 10*b + 49. Let x(o) = -6*s(o) + 7*u(o). List the prime factors of x(28).
503
Suppose 12*k = 2 - 2. Suppose k = -4*i + 4*t + 488, 3*t = 2*i + 3*i - 600. List the prime factors of i.
3, 13
Let g(t) = 3*t**2 + t + 1. Let y(u) = 3*u + 12. Let f be y(-6). Let i be 16/(-40)*(f - -1). What are the prime factors of g(i)?
3, 5
Suppose 0 = -2*x + 4*w + 224, -3*x + 79 = -w - 237. Let z(i) = 29*i - 1. Let a be z(9). Let g = a - x. List the prime factors of g.
2, 3, 13
Let c(t) = -t**3 - 9*t**2 + 65*t + 625. What are the prime factors of c(-38)?
40031
Suppose -26917 + 85309 = 12*w. List the prime factors of w.
2, 3, 811
Suppose 0 = -158*b - 960190 + 2791252. What are the prime factors of b?
3, 3863
What are the prime factors of (-10 - 2) + 41 + 8225?
2, 4127
Suppose -2*w - 456 = 72. Suppose -152*j = -156*j + 1528. Let b = j + w. List the prime factors of b.
2, 59
Suppose 4*c + 3*u - 162934 = 0, -386*c - 2*u + 40731 = -385*c. What are the prime factors of c?
5, 8147
Suppose -18*h + 110251 = 12457. What are the prime factors of h?
3, 1811
Let l(t) = 10*t**2 - 14*t - 21. Let n be l(-4). Suppose -4*c + 16 = -0*c. Suppose -9*u + n = -c*u. What are the prime factors of u?
3, 13
Let m = -28197 - -71428. What are the prime factors of m?
17, 2543
Let o(z) = 335*z + 6. Let y be o(3). Suppose y = -8*b + 3131. What are the prime factors of b?
5, 53
Let s(m) = -9 + 32 - 2*m**2 - 9*m + m**2. Let j be s(-11). What are the prime factors of j/3*3*73?
73
Suppose 39*q - 672584 - 528122 = 907010. List the prime factors of q.
2, 59, 229
Suppose 0 = v - 1 + 3, 0 = -o + 4*v - 826. Let y = 2012 + o. List the prime factors of y.
2, 19, 31
Let g(z) = -10*z**3 + z**2 - 22*z - 26. What are the prime factors of g(-5)?
3, 151
Let p be 2 + -5 + -511 + 3. Let x be 2*(p/14 + (-2)/(-2)). Let c = x + 128. What are the prime factors of c?
3, 19
Let q be (11 + -196)*((-273)/15 + 1). Suppose -4*p + 6*p = -4*b + q, b - 1 = 0. What are the prime factors of p?